43420203 + 4?
4143420211
In base 10, what is -1454339 - 191?
-1454530
In base 15, what is -1763 - -b49?
-b19
In base 4, what is -13001122323 - 2?
-13001122331
In base 3, what is 1111100 + 11002222?
12121022
In base 14, what is -13447 - 84b?
-13c94
In base 5, what is -423 + 402122301?
402121323
In base 8, what is 132321774 + 16?
132322012
In base 13, what is -3 - 34ba07a0?
-34ba07a3
In base 5, what is 42020 + -424313?
-332243
In base 4, what is -1123301302 + 122222?
-1123113020
In base 16, what is 16 - -8f0cc?
8f0e2
In base 8, what is 116217 + 1217?
117436
In base 16, what is 5ab948e0 + 3?
5ab948e3
In base 2, what is 11101001001110101011110 + 110?
11101001001110101100100
In base 4, what is -1300032 + -213321?
-2120013
In base 10, what is 13 - -3052221?
3052234
In base 15, what is 18a14 - -17?
18a2b
In base 10, what is 184388930 + -5?
184388925
In base 15, what is 79a464b - 5?
79a4646
In base 12, what is 595164 + -b5?
59506b
In base 12, what is -1 - -18947475?
18947474
In base 13, what is 18c310 - 27?
18c2b6
In base 8, what is 226530 + 227?
226757
In base 3, what is 10121 - 10021000102112?
-10021000021221
In base 16, what is -1fca83e + -8?
-1fca846
In base 10, what is -38549 - 193?
-38742
In base 5, what is 20 + -1040111030?
-1040111010
In base 14, what is -314ada + -9?
-314b05
In base 11, what is 2577a8 + -3?
2577a5
In base 10, what is -544197 - 426?
-544623
In base 16, what is 0 + 2a9e73?
2a9e73
In base 16, what is 23d0f - -12f7?
25006
In base 3, what is 12 - -2212012201220211?
2212012201221000
In base 2, what is -101100001011101 + -1100110100?
-101101110010001
In base 3, what is -10021 - 2112112010202?
-2112112021000
In base 4, what is -213133132113 + -11?
-213133132130
In base 11, what is -244 - -27896?
27652
In base 8, what is 14 + -2570530?
-2570514
In base 6, what is -12421331510 - 2?
-12421331512
In base 13, what is 175c43 + 32c?
176272
In base 16, what is 15 - 9c425?
-9c410
In base 7, what is 10065643435 + -3?
10065643432
In base 2, what is -10101 + -1010100001000101010101010?
-1010100001000101010111111
In base 14, what is 4 + -256b89c1?
-256b89bb
In base 15, what is 245b9e19 - -1?
245b9e1a
In base 3, what is 111100110111 - -1202?
111100112020
In base 4, what is -100222 + -110013200?
-110120022
In base 10, what is -3 - -1446440?
1446437
In base 3, what is -2001101110120 - 201?
-2001101111021
In base 7, what is 2 - -4006160024?
4006160026
In base 7, what is -11406 - 1664110?
-2005516
In base 3, what is 0 + -11102010200010?
-11102010200010
In base 11, what is -13125691 - 0?
-13125691
In base 7, what is -1540626156 - -3?
-1540626153
In base 8, what is 313211322 + -3?
313211317
In base 2, what is 1101110010001 + -100111010110111?
-11001100100110
In base 10, what is -1052913 + 108?
-1052805
In base 12, what is -26 - 16a732?
-16a758
In base 15, what is -26 - 6aa3a?
-6aa61
In base 16, what is -17b5f + -c0b?
-1876a
In base 7, what is -15342 - 4346?
-23021
In base 13, what is 0 + -cbb222?
-cbb222
In base 9, what is -167534341 + 5?
-167534335
In base 8, what is -3 - 23170642?
-23170645
In base 3, what is -2 - 11012221122222010?
-11012221122222012
In base 10, what is 4 - 13788830?
-13788826
In base 6, what is -14242 + 2452420?
2434134
In base 3, what is -1100000010212211 - -11?
-1100000010212200
In base 15, what is -1 + 48b06e3?
48b06e2
In base 4, what is -231 + -300011231?
-300012122
In base 4, what is 2200 - -200222012?
200230212
In base 3, what is -100212221201 + 102?
-100212221022
In base 11, what is 31087 - -67?
31143
In base 4, what is 3113031131222 + -31?
3113031131131
In base 10, what is -51372 + -138?
-51510
In base 12, what is 1375a4 + -b5?
1374ab
In base 7, what is -4 + -2125413420?
-2125413424
In base 11, what is -100 - -39967?
39867
In base 2, what is -10110000111110011101000 + 101?
-10110000111110011100011
In base 3, what is -101220120121002 + -21?
-101220120121100
In base 2, what is -110011000001011 - -1001110001?
-110001110011010
In base 8, what is 1 - -40277415?
40277416
In base 10, what is 75 + -7448?
-7373
In base 3, what is -11001120011101 - -10?
-11001120011021
In base 8, what is -3 - -466353?
466350
In base 11, what is -3 - -644371?
644369
In base 13, what is -402614 - 2?
-402616
In base 6, what is -42354544 - 3?
-42354551
In base 5, what is -3233133 + -110?
-3233243
In base 11, what is 858 - 3505a?
-34302
In base 6, what is 242041 - -2123?
244204
In base 3, what is -2102102 + -1221122?
-11101001
In base 16, what is -f452 + 38bb?
-bb97
In base 6, what is 2014113 + 442?
2014555
In base 5, what is -22321100032 - 0?
-22321100032
In base 15, what is 7 - 71a8891?
-71a8889
In base 7, what is 23 - 26013646?
-26013623
In base 15, what is 195 - -361b?
37b1
In base 13, what is 299b235 - 24?
299b211
In base 12, what is 942390 + 295?
942665
In base 7, what is 43350403 - 5?
43350365
In base 2, what is -1001010010001110001001 + 11100?
-1001010010001101101101
In base 14, what is -15377 + 417?
-14d60
In base 4, what is 23303 - -313121323?
313211232
In base 12, what is -6337 + 2110?
-4227
In base 9, what is 301210 + 8?
301218
In base 8, what is 13 - -161350540?
161350553
In base 4, what is -232120 + 202233?
-23221
In base 6, what is -215044323 + -11?
-215044334
In base 9, what is -72272261 - -6?
-72272254
In base 13, what is -166 - 201a?
-2183
In base 2, what is -10000000111101 + -1011101111?
-10001100101100
In base 12, what is 61b1 - -1b5?
63a6
In base 9, what is 8 - 53150861?
-53150852
In base 12, what is 4201 + 3209?
740a
In base 3, what is 121 - -2211101121120?
2211101122011
In base 16, what is -3 - bf42c1?
-bf42c4
In base 11, what is -11908 + -35?
-11942
In base 6, what is 432 + -543402?
-542530
In base 9, what is 141708011 - -3?
141708014
In base 8, what is -2 + 243206515?
243206513
In base 4, what is -3 + -3201102130?
-3201102133
In base 2, what is -1000100000011 - 100000010001100?
-101000110001111
In base 13, what is -341b - 2b?
-3449
In base 12, what is 39375 - 1b?
39356
In base 11, what is 1187 + -1906?
-72a
In base 13, what is -3a + -3340c7c?
-3340cb9
In base 9, what is -77081 + -28?
-77120
In base 16, what is -5 + b7de60?
b7de5b
In base 10, what is 2 - -58744553?
58744555
In base 13, what is 4c47c + 18?
4c497
In base 11, what is -262 + 2496?
2234
In base 9, what is -1002583064 + -4?
-1002583068
In base 4, what is -13130001000312 - -21?
-13130001000231
In base 10, what is -4366 - 612?
-4978
In base 10, what is -3 - 10989382?
-10989385
In base 11, what is 4 - -9341204?
9341208
In base 11, what is 6 + -9485753?
-9485748
In base 16, what is -b4f1 - 2010?
-d501
In base 11, what is 42 + 27512?
27554
In base 12, what is -58606 + 33a4?
-55222
In base 2, what is 100 - 1010000011011010110111?
-1010000011011010110011
In base 9, what is -140156 - -447?
-138608
In base 6, what is 1 - -2313240130?
2313240131
In base 7, what is 6301262 - 142?
6301120
In base 3, what is -100 + -2100001112221?
-2100001120021
In base 12, what is -3 + 5402ba?
5402b7
In base 14, what is -3296 + 88a?
-280a
In base 6, what is -11 - 315241411?
-315241422
In base 6, what is -1010204 + -243?
-1010451
In base 16, what is -22dcd5b + -4?
-22dcd5f
In base 7, what is -3 + -14543544?
-14543550
In base 6, what is 1055543 - 3542?
1052001
In base 5, what is -331222423 + 100?
-331222323
In base 5, what is 2103 - 202323?
-200220
In base 11, what is 2933 + -2522?
411
In base 9, what is 6182 + 13470?
20662
In base 9, what is -4470 + -5452?
-11032
In base 5, what is -142142202 + -231?
-142142433
In base 9, what is 1 - -30261754?
30261755
In base 11, what is 680141 - 75?
680077
In base 5, what is -20204404 - 1214?
-20211123
In base 6, what is -1535235 - 43201?
-2022440
In base 15, what is 1bdce6a3 + 3?
1bdce6a6
In base 3, what is 2221 + 222011212000?
222011221221
In base 7, what is -54 + 44313510?
44313423
In base 11, what is -1 - -1a03056?
1a03055
In base 3, what is 10011201110 - -10100?
10011211210
In base 12, what is -6a - -2ba212?
2ba164
In base 5, what is 122104114 + -1?
122104113
In base 3, what is -12202110 - 1211201?
-21121011
In base 14, what is 0 - -c158d?
c158d
In base 8, what is -13345701 - -205?
-13345474
In base 16, what is -320e - -5d5?
-2c39
In base 8, what is 2 + 252173324?
252173326
In base 4, what is 100 + 3010133303?
3010200003
In base 3, what is 112122012 + 102